f 204 and 22950.
102
Calculate the highest common divisor of 80 and 4882040.
40
Calculate the highest common factor of 350 and 23325.
25
Calculate the highest common divisor of 315159 and 78.
39
What is the greatest common divisor of 54 and 3412350?
18
Calculate the highest common divisor of 22889 and 235.
47
What is the greatest common divisor of 25952 and 432?
16
What is the highest common divisor of 89043 and 1407?
201
What is the greatest common divisor of 14790 and 204?
102
Calculate the highest common divisor of 17766 and 254394.
378
What is the greatest common factor of 151489 and 12298?
559
What is the highest common divisor of 188531 and 161?
161
Calculate the highest common divisor of 3780 and 224.
28
What is the greatest common factor of 7064776 and 8?
8
What is the greatest common factor of 1860 and 5340?
60
What is the greatest common factor of 29522 and 237194?
1018
Calculate the greatest common divisor of 3190 and 110.
110
Calculate the highest common divisor of 50 and 704050.
50
Calculate the greatest common divisor of 8322 and 1216.
38
What is the highest common divisor of 133370 and 20?
10
What is the highest common factor of 109005 and 390?
195
Calculate the highest common divisor of 694 and 16.
2
Calculate the highest common divisor of 73549 and 6241.
79
What is the greatest common divisor of 3924 and 157396?
436
What is the highest common divisor of 29225 and 41300?
175
What is the highest common factor of 2015 and 49135?
155
What is the highest common divisor of 238761 and 74?
37
What is the greatest common factor of 40 and 4852580?
20
What is the highest common factor of 53400 and 25?
25
What is the highest common factor of 3738 and 2667?
21
What is the greatest common factor of 156 and 417807?
39
Calculate the highest common divisor of 24323 and 2119.
13
What is the highest common factor of 949 and 82125?
73
What is the greatest common divisor of 483684 and 816?
204
What is the greatest common divisor of 374968 and 4488?
88
What is the greatest common divisor of 121656 and 6216?
888
What is the highest common divisor of 3078 and 190?
38
What is the greatest common divisor of 410471 and 310?
31
Calculate the greatest common divisor of 94302 and 468.
234
Calculate the highest common divisor of 28 and 10423.
7
Calculate the greatest common factor of 320726 and 248.
62
Calculate the highest common factor of 91 and 1339.
13
What is the highest common divisor of 66 and 5302?
22
What is the highest common factor of 264994 and 74?
74
Calculate the highest common divisor of 15228 and 188.
188
Calculate the highest common divisor of 7047 and 4553.
29
What is the greatest common divisor of 465 and 968037?
93
Calculate the highest common divisor of 201215 and 945.
35
Calculate the highest common factor of 10206 and 114156.
378
Calculate the highest common divisor of 66 and 17562.
6
What is the greatest common divisor of 36817 and 275?
11
Calculate the greatest common factor of 539 and 275.
11
Calculate the greatest common divisor of 491349 and 345.
69
Calculate the greatest common divisor of 8009739 and 18.
9
Calculate the highest common divisor of 2119 and 70905.
163
What is the highest common divisor of 424960 and 480?
160
Calculate the greatest common factor of 760805 and 1475.
295
Calculate the highest common factor of 81659 and 74.
37
Calculate the greatest common factor of 4598 and 9310.
38
What is the greatest common divisor of 71238 and 6510?
186
Calculate the highest common factor of 231398 and 259.
37
Calculate the highest common divisor of 517 and 11616.
11
What is the highest common factor of 33460 and 168?
28
Calculate the greatest common divisor of 3332 and 463624.
476
What is the highest common divisor of 12665 and 17?
17
Calculate the highest common divisor of 221 and 78.
13
What is the greatest common divisor of 153 and 34596?
9
What is the greatest common factor of 148 and 102532?
4
What is the highest common factor of 278 and 55183?
139
Calculate the highest common factor of 155 and 90675.
155
Calculate the greatest common divisor of 21784 and 84.
28
Calculate the greatest common factor of 2205 and 60795.
315
What is the highest common factor of 296 and 1520?
8
Calculate the highest common factor of 266 and 9766.
38
What is the highest common divisor of 4082 and 48042?
314
What is the highest common divisor of 199562 and 40326?
1034
What is the greatest common factor of 12 and 96972?
12
What is the highest common divisor of 578 and 457810?
34
What is the highest common divisor of 5187 and 37128?
273
What is the highest common factor of 297 and 1199?
11
Calculate the highest common divisor of 437 and 598253.
437
Calculate the greatest common factor of 458832 and 48.
48
Calculate the highest common factor of 554 and 4197381.
277
Calculate the greatest common divisor of 214833 and 2166.
57
Calculate the highest common divisor of 55928 and 8.
8
Calculate the greatest common factor of 9427 and 22.
11
Calculate the greatest common divisor of 35011 and 9577.
157
Calculate the highest common divisor of 55379 and 1402.
701
What is the greatest common divisor of 236 and 20178?
118
What is the greatest common factor of 20 and 42260?
20
Calculate the highest common divisor of 100 and 197900.
100
What is the greatest common factor of 151242 and 1274?
182
What is the highest common divisor of 24626 and 4?
2
Calculate the highest common factor of 2446 and 92.
2
What is the greatest common divisor of 65 and 30953?
13
Calculate the greatest common factor of 8958999 and 609.
609
What is the greatest common factor of 13710 and 240?
30
Calculate the greatest common divisor of 52 and 15197.
13
Calculate the greatest common divisor of 154 and 90937.
77
Calculate the highest common divisor of 83832 and 112.
56
What is the greatest common factor of 425169 and 567?
81
Calculate the greatest common factor of 1204 and 25508.
28
What is the greatest common divisor of 1374 and 643948?
458
Calculate the highest common factor of 4299082 and 1838.
1838
Calculate the highest common factor of 7344 and 2538.
54
What is the highest common divisor of 3684073 and 29?
29
Calculate the greatest common divisor of 545645 and 1830.
305
Calculate the greatest common divisor of 14935 and 2266.
103
Calculate the highest common divisor of 2121901 and 551.
551
What is the greatest common divisor of 1075 and 64285?
215
What is the greatest common factor of 3178 and 31976?
14
Calculate the greatest common divisor of 6191 and 41.
41
Calculate the greatest common factor of 273 and 383682.
39
Calculate the greatest common divisor of 885027 and 429.
429
What is the greatest common factor of 71148 and 132?
132
What is the greatest common factor of 1798 and 1643?
31
Calculate the greatest common divisor of 48078 and 1314.
18
Calculate the highest common factor of 118053 and 6903.
117
What is the highest common factor of 11961 and 13733?
443
Calculate the greatest common divisor of 695562 and 168.
42
What is the highest common divisor of 1056 and 374?
22
What is the greatest common divisor of 8 and 2840728?
8
Calculate the greatest common divisor of 272 and 45509.
17
What is the highest common divisor of 1862 and 665?
133
What is the highest common factor of 2308755 and 6705?
2235
What is the highest common divisor of 314 and 188?
2
What is the highest common divisor of 20852 and 10140?
52
What is the greatest common divisor of 4 and 19879?
1
Calculate the highest common factor of 214020 and 82.
82
What is the highest common factor of 4788 and 644?
28
Calculate the highest common divisor of 452 and 1011124.
452
What is the highest common divisor of 70935 and 210?
15
What is the highest common factor of 3706 and 8896253?
1853
Calculate the highest common factor of 15696 and 7088.
16
What is the highest common divisor of 41822 and 902?
22
Calculate the greatest common factor of 1088 and 306.
34
What is the greatest common divisor of 2629 and 7648?
239
Calculate the highest common divisor of 167744 and 64.
64
What is the greatest common factor of 1309 and 155078?
77
Calculate the highest common divisor of 1300 and 10300.
100
What is the highest common factor of 136 and 903652?
68
Calculate the greatest common factor of 762 and 692658.
762
Calculate the highest common